 9385 = -2855. Let d = 867 - v. What is the units digit of d?
1
Let x = 569 + 655. Suppose 0 = -3*z - 9*z + x. What is the hundreds digit of z?
1
Let k = 63 + -60. Suppose 0*y + k*y = 0, 20 = -5*b + y. What is the tens digit of (1/2)/1 - 450/b?
1
Let d = -45663 + 67846. What is the thousands digit of d?
2
What is the ten thousands digit of -11 - (338 - 17)*-57?
1
Suppose -203*p = -205*p + 1620. Let o = 1471 - p. What is the units digit of o?
1
Let z = -4301 - -11623. What is the units digit of z?
2
Let z = -5095 + 15108. What is the ten thousands digit of z?
1
What is the thousands digit of (14 + 2613/(-13))*-46?
8
Suppose -2*f = d - 24, 0*f + 51 = 5*f - 2*d. Let r = -11 + f. Suppose r = 18*k - 9*k - 990. What is the tens digit of k?
1
Let w(j) = j**3 - 6*j**2 + 5*j + 6. Let x(v) = v**3 - 22*v**2 - 49*v + 30. Let q be x(24). Let n be w(q). What is the hundreds digit of 9030/n - (-4)/24?
2
Let k(n) = -n**3 + 28*n**2 + 119*n + 37. What is the hundreds digit of k(-18)?
7
What is the hundreds digit of (420/(-16))/(72/(-65568))?
9
What is the thousands digit of (3/(-4))/3 - (-614906)/424?
1
Let o(y) = -13*y - 8. Suppose -s = -0 - 5. Suppose -s = 2*q - q. What is the tens digit of o(q)?
5
Let d = -1082 - -2204. What is the tens digit of d?
2
Suppose -102*d + 2759330 = -32*d. What is the thousands digit of d?
9
Let s = 969 + -13. What is the hundreds digit of s?
9
Suppose 624 = -13*p - 507. What is the units digit of (19952/p)/(2/(-3))?
4
Let w(q) = 1142*q**3 + 5*q**2 + 12*q - 7. What is the thousands digit of w(2)?
9
Let z(q) be the second derivative of -26*q**3/3 - 6*q**2 - 30*q. Suppose 0 = -4*y, -3*b - 5 = 5*y + 4. What is the hundreds digit of z(b)?
1
Suppose 0*c + 3*c + 65*c - 226916 = 0. What is the units digit of c?
7
Let i(j) = 2*j**2 + 6*j - 214. What is the hundreds digit of i(25)?
1
What is the hundreds digit of ((-19 - -26)/(-7))/((-3)/32601)?
8
Let m(w) = 64*w**2 - 392*w - 66. What is the hundreds digit of m(17)?
7
Let y be 1/(-2)*(2 - -2 - 4). Suppose 10 = 2*w - 4*f, 2*w + f = 1 + 9. Suppose 0 = 3*l - j + w*j - 220, 3*j - 12 = y. What is the units digit of l?
8
Let c be ((-3)/2)/(14/(-4) - -3). Let z(b) = 2*b**2 + 0*b**2 - 3*b**c - 3*b**2 + 2*b**3 - 5*b. What is the units digit of z(-4)?
8
Let t = 250 + -391. Let m = 493 - 244. Let v = t + m. What is the tens digit of v?
0
Suppose -4*n + 63 = v, 4*n - 40 = -3*v + 13. Suppose -23*b + n*b + 1374 = 0. What is the hundreds digit of b?
2
Let f(p) = 4*p**2 + 59*p - 6. Let j be f(-15). Let o(c) be the second derivative of 5*c**3/3 - 7*c**2 - c. What is the units digit of o(j)?
6
Let i = 15652 + -14522. What is the thousands digit of i?
1
Let v = 294 - 295. What is the units digit of 6/v + (-15849)/(-27)?
1
What is the tens digit of (-46)/483 - (6/4)/(1512/(-12533568))?
3
Let o(r) = 322*r - 18. Let j be o(9). Suppose -111*q - j = -116*q. What is the units digit of q?
6
Let r be (-1 + 117)/(-3*1/(-3)). Suppose 145 = -3*s - 38. Let i = r + s. What is the units digit of i?
5
Let d = -7490 + 16701. Suppose d = 16*x + 907. What is the tens digit of x?
1
Suppose -13*b - 1 + 66 = 0. Suppose 0 = 5*z + 5*k - 110, -12*z + b*k = -13*z + 38. What is the tens digit of (6/9*-13)/((-2)/z)?
7
Let k = 26 - 32. Let c be -12*k/24 + 75/(-1). Let f = 130 + c. What is the tens digit of f?
5
Let r(a) = 118*a - 9. Let d(i) = 60*i - 4. Let g(j) = -14*d(j) + 6*r(j). Let k be 10/(-8) + (-1)/(-4). What is the tens digit of g(k)?
3
Let j = -69 - -110. Let h = 39 - j. What is the units digit of (h/(-4))/((-8)/(-1424))?
9
Let b = 45313 - 37202. What is the thousands digit of b?
8
Suppose 0 = -219*h + 224*h - t - 109036, 3*h - 65408 = 4*t. What is the thousands digit of h?
1
Let l(m) = 4*m + 7*m**2 + 8 + 19*m**3 + 19*m**3 + 0*m - 37*m**3. Let q(h) = 4*h + 7. Let k be q(-3). What is the tens digit of l(k)?
3
What is the hundreds digit of ((-1962)/(-763)*(-2)/3)/(6/(-78603))?
4
Let m = -787 - -1216. What is the tens digit of 2 + -3 + -2 - m/(-1)?
2
Suppose 2*t - 102*v = -105*v + 38278, -2*t - 8*v = -38248. What is the hundreds digit of t?
1
What is the thousands digit of (3125/20)/(57/456)?
1
Let m be (-75385)/(-135)*3 + 4/(-18). Suppose 3*w - 1083 = 4*j + 1419, 2*w - m = 5*j. What is the hundreds digit of w?
8
Suppose 50*u - 11073 = 48*u + 5*y, 27615 = 5*u + y. What is the hundreds digit of u?
5
Let k = -19795 - -22982. What is the thousands digit of k?
3
Let g(i) = -423*i + 202. Let t be g(-7). Let l = -1899 + t. What is the units digit of l?
4
Let q(b) be the third derivative of 9*b**2 - 1/12*b**4 + 0 + 14/3*b**3 + 0*b + 23/60*b**5 + 1/120*b**6. What is the tens digit of q(-23)?
7
Suppose h + r - 434 = 369, 0 = -r + 2. Let k = h - 537. What is the units digit of k?
4
Let x(a) = 23 - 16 + 26 + 11 + 6*a. Let v(h) = -2*h + 13. Let p be v(0). What is the units digit of x(p)?
2
Let v(s) = 2173*s**2 + 79*s + 376. What is the tens digit of v(-5)?
0
Let x = -698 - -6475. What is the thousands digit of x?
5
Let h(o) = o**3 + 19*o**2 + o + 26. Let r be h(-19). Suppose r*u - 2041 = 4889. Suppose 6*w - 474 = u. What is the units digit of w?
4
Let z = 40130 - -2626. What is the tens digit of z?
5
Let m be 7982/7 - 2/(-35)*-5. Suppose 1142*o - 2250 = m*o. What is the hundreds digit of o?
1
Suppose -5*c - 6 + 13 = -2*u, -c + 23 = 5*u. Suppose 2*y - 966 = 4*n, 4*y - 1928 = -0*n + u*n. What is the units digit of y?
1
Let z = 17188 - 14400. What is the units digit of z?
8
Suppose 5*t + 84 = 4*j, 4*j - t = t + 72. Let b = 25 - 15. Suppose j*x = b*x + 228. What is the tens digit of x?
3
Let w(r) = r**3 - 12*r**2 + 30*r + 18. Let b be w(8). Suppose -y + 585 = 3*h, -1459 = -b*y + h - 261. What is the tens digit of y?
9
Let b(z) = 3*z**2 + 19*z + 8. Let y be b(-6). Suppose 0 = -3*d - y*f + 1250, -2*d + 266 = -f - 572. What is the units digit of d?
8
Let k = 2 + 10. Suppose -k*w + 2*w + 1760 = 0. Let d = w - 27. What is the hundreds digit of d?
1
Suppose 0*r + 5*x + 9426 = 2*r, 4*x = -5*r + 23499. What is the units digit of r?
3
Let b = 12585 + -7334. What is the units digit of b?
1
Suppose m + 96*n + 40 = 101*n, -2*m + n = 80. Let j be (-2)/6 - (-267)/(-9). Let g = j - m. What is the tens digit of g?
1
Let q(v) = -v**3 - 37*v**2 + 118*v + 307. What is the ten thousands digit of q(-48)?
1
Let s be -9 + 9 - -1*6. Suppose s*a - 7 = 5*a. Suppose a*i + 7*i - 2044 = 0. What is the hundreds digit of i?
1
Let f be 6892/16 - (-6 + (-162)/(-24)). Let p = f - -245. What is the units digit of p?
5
Let s = 1925 - 1908. Suppose 253 = q - 191. Suppose 0 = s*y - 5*y - q. What is the units digit of y?
7
What is the hundreds digit of 0 + ((-6)/9)/((-6)/105102)?
6
Suppose -6*k - 8 + 2 = 0. Let v be (k + 4)/3 - -35. Suppose -w + v = 3*w. What is the units digit of w?
9
Let b(c) = -c**3 + 2*c**2 + c. Let q be b(2). Let i be (3/q + -2)*(-1 - -1). What is the tens digit of (107 + 0)*(i - -1)?
0
Let a(z) = -z**2 - 2*z + 1544. What is the hundreds digit of a(0)?
5
Suppose -50*n + 49*n = -5*m - 179, 4*m - 750 = -5*n. What is the tens digit of n?
5
Let k(w) be the first derivative of 4*w**2 + 7*w - 17. Let m be k(6). Let n = m + -9. What is the tens digit of n?
4
Suppose 4*f = 738 + 1870. Suppose 2*a - 439 = -5*y + f, 551 = a - 3*y. What is the units digit of a?
8
Let a(z) = 202*z**2 + 604*z - 68. What is the ten thousands digit of a(-13)?
2
Suppose -71*x - 24 = -67*x. Let r(j) = -3*j**2 - 16*j + 14. Let a be r(x). Suppose s = -3*h + 108, a*s = 2*h + 29 + 187. What is the units digit of s?
8
What is the units digit of (-24)/2 + 11323 + -5?
6
Let y(w) = -w**3 + 42*w**2 - 59*w - 92. What is the hundreds digit of y(23)?
6
Let h(k) = -1469*k - 6336. What is the tens digit of h(-11)?
2
Let n = 35 - 26. Suppose -n*t + 5726 = -2*t. Suppose -2*i = -5*v - 311, 5*i + 0*v + v = t. What is the units digit of i?
3
Let h(g) = 52*g**2 - 25*g + 171. What is the hundreds digit of h(9)?
1
Suppose -28969 = -3*m - 5*t + 38900, 0 = -4*m - t + 90509. What is the ten thousands digit of m?
2
Let s = -72 - -72. Suppose -2*i - 11*k + 8*k + 501 = s, -5*i = -k - 1244. What is the tens digit of i?
4
Let i = 14 + -17. Let d be ((-7)/i)/((-5)/210). Let r = d + 182. What is the tens digit of r?
8
Let r = -676 + 660. What is the tens digit of ((-9510)/20)/(6/r)?
6
Let m(l) = -3*l - 28. Let y(q) = q**